{"id":56,"date":"2024-02-11T20:38:21","date_gmt":"2024-02-11T19:38:21","guid":{"rendered":"https:\/\/homointerneticus.be\/?page_id=56"},"modified":"2024-12-15T18:36:55","modified_gmt":"2024-12-15T17:36:55","slug":"faq","status":"publish","type":"page","link":"https:\/\/www.homointerneticus.be\/?page_id=56","title":{"rendered":"FAQ"},"content":{"rendered":"\n<div class=\"wp-block-group alignfull has-global-padding is-layout-constrained wp-container-core-group-is-layout-d89aad35 wp-block-group-is-layout-constrained\" style=\"margin-top:0;margin-bottom:0;padding-top:var(--wp--preset--spacing--50);padding-right:var(--wp--preset--spacing--50);padding-bottom:var(--wp--preset--spacing--50);padding-left:var(--wp--preset--spacing--50)\"><\/div>\n\n\n\n<div class=\"wp-block-group alignfull has-contrast-color has-custom-safran-background-color has-text-color has-background has-link-color wp-elements-6a61ad7763f882fb3d01feaab5bb1576 has-global-padding is-layout-constrained wp-container-core-group-is-layout-d89aad35 wp-block-group-is-layout-constrained\" style=\"margin-top:0;margin-bottom:0;padding-top:var(--wp--preset--spacing--50);padding-right:var(--wp--preset--spacing--50);padding-bottom:var(--wp--preset--spacing--50);padding-left:var(--wp--preset--spacing--50)\">\n<h2 class=\"wp-block-heading alignwide has-custom-eerie-black-color has-text-color has-link-color wp-elements-6ce995655352eec09d78abf1522f425d\" style=\"font-size:clamp(1.884rem, 1.884rem + ((1vw - 0.2rem) * 2.36), 3.3rem);letter-spacing:-0.02em\">Foire aux Questions<\/h2>\n\n\n\n<div class=\"wp-block-group alignwide is-layout-flow wp-block-group-is-layout-flow\">\n<hr class=\"wp-block-separator has-text-color has-base-color has-alpha-channel-opacity has-base-background-color has-background is-style-wide\"\/>\n\n\n\n<details class=\"wp-block-details is-style-arrow-icon-details has-medium-font-size is-layout-flow wp-block-details-is-layout-flow\" style=\"border-top-style:none;border-top-width:0px;border-right-style:none;border-right-width:0px;border-bottom-color:var(--wp--preset--color--base);border-bottom-style:solid;border-bottom-width:1px;border-left-style:none;border-left-width:0px;margin-top:0\"><summary>Quelles sont les qualifications d&rsquo;Emmanuel Nicaise?<\/summary>\n<p class=\"has-contrast-1-color has-text-color has-link-color wp-elements-323be0ed98e1a4a43ca3bbcacd777eb4\">Emmanuel Nicaise est dipl\u00f4m\u00e9 en <strong>Master en psychologie clinique et psychopathologie<\/strong> de l&rsquo;<strong>Universit\u00e9 Libre de Bruxelles<\/strong>. Il est inscrit \u00e0 la commission des psychologues Belges et poss\u00e8de le visa autorisant l\u2019exercice de la profession de psychologue clinicien (n\u00b0 262697) en Belgique ainsi que l&rsquo;agr\u00e9ment de la communaut\u00e9 fran\u00e7aise de Belgique lui donnant l&rsquo;autorisation d&rsquo;exercer comme psychologue clinicien. Il travaille comme psychologue en cabinet lib\u00e9ral depuis 2010. Il a aussi \u00e9t\u00e9 form\u00e9 (et continue \u00e0 l&rsquo;\u00eatre) au th\u00e9rapies br\u00e8ves et aux th\u00e9rapies cognitivo-comportementales. Avant d&rsquo;entamer ses \u00e9tudes en psychologie, Emmanuel a obtenu un <strong>graduat en informatique<\/strong>. Il \u00e0 travaill\u00e9 pendant une dizaine d&rsquo;ann\u00e9e comme informaticien avant de se sp\u00e9cialiser en s\u00e9curit\u00e9 informatique et en gestion des risques. Il a obtenu plusieurs certifications internationales renomm\u00e9es comme le <strong>Certified Information System Security Specialist <\/strong>(CISSP) de l&rsquo;ISC\u00b2 ou le <strong>Certified Information System Auditor<\/strong> (CISA) et le <strong>Certified Information Security Manager<\/strong> (CISM) de l&rsquo;ISACA. Il est un expert reconnu dans le domaine et est r\u00e9guli\u00e8rement invit\u00e9 dans des conf\u00e9rences et les m\u00e9dias pour partager ses connaissances sur le sujet. <\/p>\n<\/details>\n\n\n\n<details class=\"wp-block-details is-style-arrow-icon-details has-contrast-color has-text-color has-link-color has-medium-font-size wp-elements-37ba51257e1139d6ab1721a077e75773 is-layout-flow wp-block-details-is-layout-flow\" style=\"border-top-style:none;border-top-width:0px;border-right-style:none;border-right-width:0px;border-bottom-color:var(--wp--preset--color--base);border-bottom-style:solid;border-bottom-width:1px;border-left-style:none;border-left-width:0px;margin-top:0\"><summary>Quelle est la musique du g\u00e9n\u00e9rique du podcast?<\/summary>\n<p class=\"has-contrast-1-color has-text-color has-link-color wp-elements-24f9274785b3c2efdcd18ba1c8da6d2d\">Le g\u00e9n\u00e9rique d&rsquo;Homo Interneticus est une version interpr\u00e9t\u00e9e par ordinateur (Garage Band d&rsquo;Apple sur Mac Mini) des premi\u00e8res mesures de la <strong>dance d&rsquo;Anitra<\/strong> extrait de l&rsquo;oeuvre <strong>Peer Gynt<\/strong> du compositeur scandinave <strong>Edvard Grieg<\/strong>.<\/p>\n\n\n\n<figure class=\"wp-block-audio\"><audio controls src=\"https:\/\/homointerneticus.be\/wp-content\/uploads\/2024\/02\/Anitras-March.mp3\"><\/audio><\/figure>\n<\/details>\n\n\n\n<details class=\"wp-block-details is-style-arrow-icon-details is-layout-flow wp-block-details-is-layout-flow\"><summary>Quelles sont les musiques d&rsquo;interludes que l&rsquo;on entends dans le podcast?<\/summary>\n<p>Il y a des extraits de plusieurs morceaux de musiques libres de droit compos\u00e9e et interpr\u00e9t\u00e9e par <a href=\"https:\/\/pixabay.com\/fr\/users\/tuesdaynight-24999875\/\" data-type=\"link\" data-id=\"https:\/\/pixabay.com\/fr\/users\/tuesdaynight-24999875\/\">Christoph Scholl<\/a> :<\/p>\n\n\n\n<ul class=\"wp-block-list\">\n<li>lofi-acoustic-guitar-with-percussion-0134-12956<\/li>\n\n\n\n<li>lofi-piano-beat-intro-0127-12945<\/li>\n\n\n\n<li>lofi-rhodes-for-introoutro-0132-12949<\/li>\n<\/ul>\n\n\n\n<p><\/p>\n<\/details>\n<\/div>\n<\/div>\n","protected":false},"excerpt":{"rendered":"<p>Foire aux Questions<\/p>\n","protected":false},"author":1,"featured_media":0,"parent":0,"menu_order":0,"comment_status":"closed","ping_status":"closed","template":"","meta":{"footnotes":""},"class_list":["post-56","page","type-page","status-publish","hentry"],"_links":{"self":[{"href":"https:\/\/www.homointerneticus.be\/index.php?rest_route=\/wp\/v2\/pages\/56","targetHints":{"allow":["GET"]}}],"collection":[{"href":"https:\/\/www.homointerneticus.be\/index.php?rest_route=\/wp\/v2\/pages"}],"about":[{"href":"https:\/\/www.homointerneticus.be\/index.php?rest_route=\/wp\/v2\/types\/page"}],"author":[{"embeddable":true,"href":"https:\/\/www.homointerneticus.be\/index.php?rest_route=\/wp\/v2\/users\/1"}],"replies":[{"embeddable":true,"href":"https:\/\/www.homointerneticus.be\/index.php?rest_route=%2Fwp%2Fv2%2Fcomments&post=56"}],"version-history":[{"count":9,"href":"https:\/\/www.homointerneticus.be\/index.php?rest_route=\/wp\/v2\/pages\/56\/revisions"}],"predecessor-version":[{"id":90,"href":"https:\/\/www.homointerneticus.be\/index.php?rest_route=\/wp\/v2\/pages\/56\/revisions\/90"}],"wp:attachment":[{"href":"https:\/\/www.homointerneticus.be\/index.php?rest_route=%2Fwp%2Fv2%2Fmedia&parent=56"}],"curies":[{"name":"wp","href":"https:\/\/api.w.org\/{rel}","templated":true}]}}